04
In base 4, what is -11 - 1322?
-1333
In base 4, what is 102033 + -11?
102022
In base 4, what is 0 + -13110?
-13110
In base 3, what is 121020 - 2?
121011
In base 9, what is 162 + 6?
168
In base 2, what is -1 + -1011?
-1100
In base 12, what is 21 + -26?
-5
In base 15, what is 1 - -905?
906
In base 11, what is 1a55 - 4?
1a51
In base 8, what is -53 - 1175?
-1250
In base 10, what is -10 + 34?
24
In base 7, what is -2 + -2?
-4
In base 7, what is 10 + -30?
-20
In base 15, what is 2 + -4e?
-4c
In base 9, what is 56 + -3?
53
In base 3, what is 11 - -221?
1002
In base 13, what is a - 1?
9
In base 3, what is 0 + -20010?
-20010
In base 11, what is 47 + 5?
51
In base 5, what is 14 - 3443?
-3424
In base 12, what is -1265 + 2?
-1263
In base 4, what is 1 - -223?
230
In base 2, what is 10000 - -10?
10010
In base 12, what is 3 + -24?
-21
In base 7, what is 5 - -312?
320
In base 3, what is -12 - 11?
-100
In base 15, what is 17e + 0?
17e
In base 4, what is -13320 - 11?
-13331
In base 6, what is 4 - 3453?
-3445
In base 8, what is -12 - -5121?
5107
In base 3, what is 11 - 212?
-201
In base 5, what is 2 - -343?
400
In base 10, what is 7 + 17?
24
In base 11, what is 5 - 1064?
-105a
In base 16, what is -11 + -35?
-46
In base 15, what is -27 + 10?
-17
In base 10, what is 199 + -40?
159
In base 2, what is 101011 + -100?
100111
In base 7, what is -1002 + -34?
-1036
In base 16, what is 5bd - 12?
5ab
In base 10, what is 167 + 28?
195
In base 14, what is 9 - -28?
33
In base 16, what is -5 + -aa?
-af
In base 9, what is -1 + -80?
-81
In base 8, what is 372 + 4?
376
In base 12, what is -388 + 0?
-388
In base 13, what is -2 - 313?
-315
In base 14, what is 2 - -26?
28
In base 2, what is -11011111 - 1010?
-11101001
In base 6, what is -335 + 2?
-333
In base 9, what is -312 + -3?
-315
In base 12, what is -5 - ab9?
-b02
In base 12, what is 0 - b1?
-b1
In base 10, what is -12 + -75?
-87
In base 13, what is -1 + 1ac?
1ab
In base 9, what is -85 - 80?
-175
In base 10, what is 3 - -88?
91
In base 10, what is -1 - 35?
-36
In base 3, what is -202212 + -1?
-202220
In base 15, what is -5 - -65b?
656
In base 16, what is -2a07 - 4?
-2a0b
In base 12, what is -338 - 25?
-361
In base 3, what is -22 - -11001?
10202
In base 12, what is 10 + 1027?
1037
In base 9, what is -2 + -5?
-7
In base 12, what is 93b - -5?
944
In base 10, what is -37 + 11?
-26
In base 9, what is 1138 - -4?
1143
In base 16, what is 3 + -3e4?
-3e1
In base 16, what is 3ce + -4?
3ca
In base 8, what is 3 + -2641?
-2636
In base 16, what is 1 + 1d?
1e
In base 9, what is 1 - 288?
-287
In base 10, what is -6 + -110?
-116
In base 13, what is 5 - -36?
3b
In base 3, what is 10 - 2000?
-1220
In base 6, what is -42 + -44?
-130
In base 10, what is -1427 + -1?
-1428
In base 9, what is 364 + 0?
364
In base 16, what is -3 + -13?
-16
In base 10, what is 7749 + -5?
7744
In base 2, what is -1111110101010 - 100?
-1111110101110
In base 3, what is 20 - -10011202?
10011222
In base 3, what is 21 + 2002?
2100
In base 13, what is -c30 - 4?
-c34
In base 6, what is 144 + -4?
140
In base 4, what is -133203 + -2?
-133211
In base 7, what is 5 - 4?
1
In base 2, what is 10111 - -1?
11000
In base 9, what is -3 - 3521?
-3524
In base 11, what is 12 + 12?
24
In base 16, what is 4 + -40?
-3c
In base 3, what is -2 + -1010211?
-1010220
In base 14, what is 12 + 155?
167
In base 3, what is 101010 - 2?
101001
In base 10, what is -52601 - -4?
-52597
In base 11, what is -67 + 4?
-63
In base 5, what is -2 + -101?
-103
In base 13, what is 119 + 4?
120
In base 3, what is 110210120 - -12?
110210202
In base 4, what is -21 - -10?
-11
In base 8, what is -102376 + -1?
-102377
In base 15, what is 142 - 1?
141
In base 5, what is -10112 + 0?
-10112
In base 4, what is 12233 - 2?
12231
In base 16, what is -b6 - 1?
-b7
In base 6, what is 3 + 3503?
3510
In base 10, what is 172 + 5?
177
In base 12, what is 2 + 603?
605
In base 14, what is 186 - 1?
185
In base 8, what is -4 + 306?
302
In base 5, what is -144 - 11?
-210
In base 15, what is -4 - -34?
30
In base 6, what is -420 + -5?
-425
In base 7, what is -16 - -651?
632
In base 8, what is 57 + 12?
71
In base 9, what is -5 + 5?
0
In base 8, what is 275 - -3?
300
In base 3, what is -120 - -1000?
110
In base 7, what is -2062 - -3?
-2056
In base 13, what is -b4 - 2c?
-113
In base 16, what is -3 + 133?
130
In base 7, what is -1114 - -5?
-1106
In base 3, what is 11 - -1212?
2000
In base 2, what is -10 + -1101110?
-1110000
In base 6, what is 215 + -4?
211
In base 12, what is 1 - -3a?
3b
In base 16, what is -17 - -1f?
8
In base 7, what is -266 + 3?
-263
In base 6, what is -353 - 1?
-354
In base 11, what is 91a - -10?
92a
In base 12, what is -235 + 4?
-231
In base 8, what is 4563 - 5?
4556
In base 4, what is -33 - -100?
1
In base 7, what is 1 + -6345?
-6344
In base 2, what is -10 + -1011011111010?
-1011011111100
In base 5, what is 1 - 12?
-11
In base 11, what is -198a - 4?
-1993
In base 6, what is -32 - 11?
-43
In base 5, what is -10 + -2141?
-2201
In base 13, what is -95 + 3?
-92
In base 10, what is -3 + -860?
-863
In base 4, what is -3 - -1210112?
1210103
In base 15, what is -e0 - 4?
-e4
In base 7, what is -1125 - -3?
-1122
In base 15, what is 31b - 2?
319
In base 4, what is -202 - -11?
-131
In base 7, what is -12202 - -15?
-12154
In base 8, what is -456 + -2?
-460
In base 13, what is -140b + 2?
-1409
In base 3, what is -12 + -111212?
-112001
In base 3, what is 110022 + 2?
110101
In base 3, what is 11 + -10012011?
-10012000
In base 16, what is 1a6 + -1?
1a5
In base 12, what is 2a + 11?
3b
In base 12, what is 4 + 4b?
53
In base 13, what is 8 - -15?
20
In base 13, what is -7 + -203?
-20a
In base 10, what is -1 + -2107?
-2108
In base 8, what is -1 + 120?
117
In base 5, what is 212 + 124?
341
In base 4, what is -3 + -30?
-33
In base 3, what is 1221 - 12?
1202
In base 12, what is -7 - -102?
b7
In base 16, what is 6b9 + -1?
6b8
In base 9, what is -240 + -5?
-245
In base 2, what is 11101 + 1100001?
1111110
In base 15, what is -e + -173?
-182
In base 14, what is d517 + -1?
d516
In base 11, what is -4 + 11a5?
11a1
In base 11, what is -1 + -59?
-5a
In base 7, what is -16504 - -3?
-16501
In base 16, what is -29 + -15?
-3e
In base 10, what is -26 - -188?
162
In base 2, what is 1000 + 10101110?
10110110
In base 11, what is 164 + -4?
160
In base 4, what is -11 + -10113?
-10130
In base 3, what is 1212021 - -1?
1212022
In base 11, what is 62 - -23?
85
In base 3, what is -110 + 0?
-110
In base 7, what is -1 + -21?
-22
In base 9, what is -675 - -2?
-673
In base 10, what is -2 - 2544?
-2546
In base 11, what is 339 + 14?
352
In base 9, what is -2372 - 0?
-2372
In base 14, what is 8 + d?
17
In base 10, what is -1 - 218?
-219
In base 8, what is -3 + 6324?
6321
In base 7, what is -1444 - -3?
-1441
In base 11, what is -2 + -131?
-133
In base 6, what is 1522 - -4?
1530
In base 3, what is 100020 - -12?
100102
In base 16, what is -7a + -5?
-7f
In base 6, what is 321514 + 5?
321523
In base 5, what is -34101 - -2?
-34044
In base 7, what is -30 - -451?
421
In base 14, what is 192 - -3?
195
In base 3, what is 22 + 2010?
2102
In base 8, what is 212 - 5?
205
In base 3, what is -1012 + -10201?
-11220
In base 4, what is 11 + 302?
313
In base 2, what is 11101001 - -11000?
100000001
In base 13, what is 24 - -3?
27
In base 14, what is 7b - c?
6d
In base 7, what is 4 - 1603?
-1566
In base 2, what is 11011111 + -1111?
11010000
In base 14, what is 5 - 17d3?
-17cc
In base 5, what is 0 - -32?
32
In base 3, what is 102 + -211001?
-210122
In base 3, what is -2 - -102?
100
In base 2, what is 1001001011 - -11?
1001001110
In base 8, what is -23 + 16?
-5
In base 13, what is -190 + a?
-183
In base 12, what is -2 - -a8?
a6
In base 3, what is -10000112 - 10?
-10000122
In base 5, what is 1 + -41?
-40
In base 2, what is -110010 + 1001011?
11001
In base 14, what is 17c + -5?
177
In base 14, what is 19 - -1?
1a
In base 16, what is 1fe - -5?
203
In base 8, what is -1 + 153?
152
In base 5, what is 1 - -220241?
220242
In base 3, what is -1 + -20?
-21
In base 4, what is 231131 + 0?
231131
In base 8, what is 4 - -423?
427
In base 16, what is -56 + -2?
-58
In base 3, what is 10 + 120202?
120212
In base 8, what is -4 + 203?
177
In base 8, what is -741 - -1?
-740
In base 14, what is -13 - -23?
10
In b